is 2 - 11313?
-11311
In base 14, what is 4 - -307?
30b
In base 11, what is 5634 + 1?
5635
In base 16, what is -4694 + 6d?
-4627
In base 13, what is 3 + -32c?
-329
In base 12, what is 3888 + 10?
3898
In base 15, what is 46a2e + -2?
46a2c
In base 6, what is -5 + -100012222?
-100012231
In base 8, what is 2 + 1055?
1057
In base 5, what is 123123 + -3333?
114240
In base 13, what is -2 - 3443?
-3445
In base 9, what is 10417 + 7?
10425
In base 3, what is 121112 - 2121102?
-1222220
In base 14, what is -b - -6ab4?
6aa7
In base 4, what is 11332210 + -1?
11332203
In base 11, what is -5 - -254076?
254071
In base 2, what is 10010000101110 + 111?
10010000110101
In base 11, what is -17a7a5 - -5?
-17a7a0
In base 2, what is 1001101 + 110001100?
111011001
In base 3, what is -12212 - 2?
-12221
In base 8, what is 10150 - -416?
10566
In base 12, what is 516 - -1a?
534
In base 15, what is 19b28 + d?
19b36
In base 15, what is -88de + 9?
-88d5
In base 13, what is -5 + 14352a?
143525
In base 5, what is 22423 - 134?
22234
In base 15, what is a3077 + -4?
a3073
In base 9, what is -76 - -108346?
108260
In base 9, what is 3 + 1128?
1132
In base 5, what is 2 - 41313?
-41311
In base 13, what is -c - -14c?
140
In base 3, what is -20200200 + -110?
-20201010
In base 9, what is -38 - -1242?
1203
In base 4, what is -100121132 + -12?
-100121210
In base 13, what is -33 + 398?
365
In base 2, what is 11100011111 - -1010011?
11101110010
In base 7, what is -2216205 - -1?
-2216204
In base 13, what is -4 - -5c52?
5c4b
In base 12, what is -2b12 + -3?
-2b15
In base 4, what is -1 + 331203221?
331203220
In base 14, what is -5 + -246?
-24b
In base 12, what is 6489 - 1?
6488
In base 7, what is 101 + -164245?
-164144
In base 14, what is -10091d1 - 4?
-10091d5
In base 12, what is -4 - -512b?
5127
In base 2, what is -1101111101 - 110100?
-1110110001
In base 7, what is -5 - -222232?
222224
In base 5, what is 1003 - -1321?
2324
In base 7, what is -32 + -62232?
-62264
In base 7, what is 41440 + 31?
41501
In base 6, what is 51200 - 124?
51032
In base 3, what is -112 - -202001?
201112
In base 8, what is 0 - 3363144?
-3363144
In base 10, what is 4 - 1035?
-1031
In base 6, what is -3133101 - 14?
-3133115
In base 7, what is 263416 - 3?
263413
In base 4, what is 102223 + 1023?
103312
In base 7, what is 21 + 35244?
35265
In base 6, what is -20315513 + 5?
-20315504
In base 9, what is 2207567 + -2?
2207565
In base 14, what is 0 - 2ba064?
-2ba064
In base 7, what is 3311 + 0?
3311
In base 14, what is -3bb74 - -3?
-3bb71
In base 4, what is 0 - -1211202112?
1211202112
In base 3, what is 202 + -11100110112?
-11100102210
In base 7, what is -2236 - -253?
-1653
In base 14, what is -3 - -dbd1d?
dbd1a
In base 6, what is -515512 - 20?
-515532
In base 2, what is 1011010111011 + -1001?
1011010110010
In base 11, what is 2584 - -160?
2734
In base 2, what is -10010 + 1000100?
110010
In base 15, what is 9 + -2036d?
-20364
In base 13, what is -4b + -45b?
-4a9
In base 11, what is -82161 + 2?
-8215a
In base 16, what is 157 - -1db?
332
In base 6, what is 4 - -102553?
103001
In base 3, what is -11 + -112120110120?
-112120110201
In base 6, what is -20 - 1220?
-1240
In base 2, what is 10 + 111011010000011?
111011010000101
In base 9, what is 3 + -38110?
-38106
In base 12, what is -276 + -1a9?
-463
In base 2, what is -101100 + -10000111011110000?
-10000111100011100
In base 12, what is 1ba21 + -3?
1ba1a
In base 5, what is -3224 - -34430?
31201
In base 6, what is 110 - -1133051?
1133201
In base 16, what is f + 85?
94
In base 7, what is -313 - -43?
-240
In base 9, what is 677045 - 0?
677045
In base 13, what is -1549 + -750?
-1c99
In base 6, what is -1 - -252433?
252432
In base 7, what is 1162525 + -1?
1162524
In base 12, what is -2 + 5864a3?
5864a1
In base 9, what is 38 + 33386?
33435
In base 8, what is 1 - 116133?
-116132
In base 8, what is 34276 - 1?
34275
In base 2, what is 1100 - 11010001111110001?
-11010001111100101
In base 7, what is 120 + 416?
536
In base 3, what is -12 - -201120100121?
201120100102
In base 13, what is -29125 - 3?
-29128
In base 4, what is -31211 + 322?
-30223
In base 7, what is 1131 - -101?
1232
In base 4, what is -12031321 + 11?
-12031310
In base 4, what is -13102 - -312212?
233110
In base 5, what is 12 - 20123330?
-20123313
In base 2, what is -10 - -1000010111111101000?
1000010111111100110
In base 7, what is 226205 + -1?
226204
In base 12, what is 6a7 + 38?
723
In base 11, what is -427a9 + -1?
-427aa
In base 11, what is 6 + -361291?
-361286
In base 2, what is -1100010110000010101010 + -10?
-1100010110000010101100
In base 14, what is -1 + 3c79a?
3c799
In base 7, what is 20 + 3201?
3221
In base 7, what is 10326600 + 4?
10326604
In base 9, what is -5858 + -76?
-6045
In base 13, what is 32b3 - 16?
329a
In base 10, what is 14 + -2571?
-2557
In base 14, what is -5 + -672?
-677
In base 5, what is 23341223 + 4?
23341232
In base 7, what is -10013 + -63?
-10106
In base 3, what is -2000021002 - 1?
-2000021010
In base 13, what is 28 + -69244?
-69219
In base 5, what is -2344 + -1104?
-4003
In base 8, what is 20 - -3011?
3031
In base 12, what is -7 + -3640?
-3647
In base 4, what is 112131 - 221?
111310
In base 13, what is 2 - -15084a?
15084c
In base 16, what is 324 - -25?
349
In base 14, what is -26 - -d76?
d50
In base 9, what is 42 + 30267?
30320
In base 4, what is 11332210 - 11?
11332133
In base 6, what is 3541342 - -5?
3541351
In base 14, what is -6839 + -5?
-6840
In base 11, what is 255 + 30?
285
In base 10, what is -82431 + 0?
-82431
In base 3, what is 210 + -101020?
-100110
In base 3, what is 2101 + 11200102?
11202210
In base 7, what is 223150 - 0?
223150
In base 5, what is 111 - -343313?
343424
In base 6, what is 1250511 - 10?
1250501
In base 12, what is 141 + 1bb?
340
In base 3, what is -1022 - -101110?
100011
In base 11, what is -5 + -178361?
-178366
In base 2, what is 111111 - 1100100011111101?
-1100100010111110
In base 11, what is -259616 - -1?
-259615
In base 16, what is -14b57 - 12?
-14b69
In base 10, what is -126 + 2?
-124
In base 5, what is -10 - 1411024?
-1411034
In base 4, what is 32 - 12303?
-12211
In base 7, what is -6511 + -2144?
-11655
In base 3, what is 211221222001 + -11?
211221221220
In base 2, what is 100010101010110110011 + -1?
100010101010110110010
In base 15, what is -38 - -29e?
266
In base 16, what is 7 - 509ae?
-509a7
In base 8, what is -2 + 721317?
721315
In base 12, what is 231 + 4b0?
721
In base 9, what is 275574 - 7?
275566
In base 14, what is 5 - 4864?
-485d
In base 2, what is -11011 - -1101101110?
1101010011
In base 7, what is 1012 - 3103?
-2061
In base 2, what is 11001001011101001011 - 10?
11001001011101001001
In base 3, what is 12 - 120012220?
-120012201
In base 3, what is -12 + -11000111?
-11000200
In base 3, what is -200201222 + 1101?
-200200121
In base 9, what is -165 + -360?
-535
In base 13, what is -7a + -6?
-83
In base 6, what is 13 - 53200?
-53143
In base 12, what is 2208 + a?
2216
In base 6, what is -4 + 113525?
113521
In base 11, what is 11 - -40?
51
In base 16, what is -5 + 92f?
92a
In base 10, what is 1976 + 10?
1986
In base 9, what is 82 + 2345?
2437
In base 14, what is 0 - -101c?
101c
In base 13, what is -1 - 4945?
-4946
In base 8, what is 353 - -2135?
2510
In base 4, what is -131203132 + 10?
-131203122
In base 2, what is -1 + 10000111001010?
10000111001001
In base 16, what is 10 + 4df2e?
4df3e
In base 11, what is -2 - -6a92?
6a90
In base 5, what is 20 - -2031420?
2031440
In base 11, what is -225 + -258?
-482
In base 6, what is 34 - 3152054?
-3152020
In base 7, what is 0 + -11035443?
-11035443
In base 3, what is -201 + 10020?
2112
In base 2, what is -11100001110001 - -10?
-11100001101111
In base 5, what is -2401112 + 0?
-2401112
In base 12, what is 5 + 13288?
13291
In base 5, what is -40 + 42022?
41432
In base 5, what is 2110402 - -212?
2111114
In base 9, what is 57 - -14371?
14438
In base 13, what is c8b4 - -c?
c8c3
In base 9, what is -5 + 1081?
1075
In base 2, what is 11 - 1100101001000010000?
-1100101001000001101
In base 7, what is 1546052 + 24?
1546106
In base 14, what is -20da3 + 3?
-20da0
In base 4, what is 3333 - 3221?
112
In base 11, what is 4 - 4459?
-4455
In base 8, what is -4573 + -130?
-4723
In base 11, what is -6 - -405a?
4054
In base 11, what is 432 - -19